
Is 3334451 a composite number?
False
Is 96173002 prime?
False
Is 1591061 a composite number?
True
Is 913589 a prime number?
True
Is 57910301 a composite number?
False
Is 181479149 composite?
False
Is 4621649 prime?
True
Is 440072719 prime?
True
Is 11354221 a prime number?
False
Is 23824597 a prime number?
False
Is 83208709 composite?
False
Is 858791 composite?
True
Is 9533759 prime?
True
Is 3316811 composite?
True
Is 412726922 a prime number?
False
Is 10209709 a prime number?
True
Is 403813 a composite number?
True
Is 915757 a composite number?
False
Is 26424097 composite?
True
Is 3652727 a composite number?
True
Is 4394717 prime?
True
Is 58096057 a prime number?
False
Is 1394827 prime?
False
Is 570863 prime?
False
Is 8023553 prime?
True
Is 5946227 composite?
True
Is 32296679 composite?
True
Is 322952411 a composite number?
False
Is 6223753 prime?
False
Is 8247433 a prime number?
False
Is 105816539 a prime number?
False
Is 7935053 composite?
True
Is 18183103 a composite number?
False
Is 661226326 a prime number?
False
Is 405067 composite?
True
Is 10943063 a composite number?
True
Is 1002762653 a composite number?
True
Is 94715299 prime?
False
Is 9359743 a composite number?
True
Is 39469601 prime?
False
Is 140891 prime?
True
Is 73054577 composite?
True
Is 13441049 a composite number?
False
Is 35202239 composite?
False
Is 19044033 composite?
True
Is 403853 prime?
False
Is 244778173 composite?
False
Is 186500801 prime?
True
Is 29971937 composite?
False
Is 65720507 a prime number?
False
Is 551293 a prime number?
False
Is 774623 a composite number?
True
Is 175254619 composite?
False
Is 70437685 composite?
True
Is 41720671 a composite number?
False
Is 160067179 a composite number?
True
Is 466990253 a composite number?
False
Is 27302573 a prime number?
True
Is 300636695 prime?
False
Is 59611 composite?
False
Is 74447339 a composite number?
True
Is 6451951 composite?
True
Is 15536359 a composite number?
False
Is 635747 prime?
False
Is 65186081 a composite number?
False
Is 48204529 prime?
True
Is 1085309 a prime number?
True
Is 224000011 composite?
True
Is 116081323 composite?
False
Is 13578661 prime?
False
Is 113389543 a prime number?
True
Is 42077083 composite?
False
Is 15111037 prime?
True
Is 104783489 composite?
False
Is 359257 composite?
True
Is 652775853 a composite number?
True
Is 17271181 a prime number?
True
Is 75525379 prime?
True
Is 67890269 composite?
False
Is 231503 a composite number?
False
Is 32603899 prime?
True
Is 25157821 a prime number?
False
Is 367091 composite?
True
Is 32938349 a prime number?
True
Is 1214489 prime?
True
Is 555467 prime?
False
Is 9045059 composite?
True
Is 2895169 composite?
False
Is 525237799 prime?
True
Is 75405665 a prime number?
False
Is 12925919 a composite number?
False
Is 286811243 prime?
False
Is 71670077 a prime number?
True
Is 3263791 prime?
True
Is 114923803 a composite number?
True
Is 4707217 prime?
False
Is 98977 prime?
False
Is 811753 composite?
False
Is 80114321 a composite number?
True
Is 897929179 a prime number?
False
Is 24963539 a composite number?
False
Is 1297991 a composite number?
True
Is 4990577 composite?
False
Is 7854995 composite?
True
Is 137413093 a composite number?
True
Is 46605287 a prime number?
True
Is 2915851 prime?
False
Is 1717913 a prime number?
True
Is 81695 prime?
False
Is 5502389 a prime number?
True
Is 42590281 composite?
False
Is 3620411 prime?
False
Is 1001271 prime?
False
Is 752599 a composite number?
True
Is 31213477 a prime number?
True
Is 16075361 composite?
False
Is 22340483 a prime number?
False
Is 5129171 composite?
False
Is 26719283 a composite number?
False
Is 23519413 a composite number?
False
Is 1885537 prime?
False
Is 327812231 composite?
True
Is 1041229 a composite number?
True
Is 74001737 composite?
False
Is 1574103 a prime number?
False
Is 93796931 a prime number?
True
Is 9219211 a prime number?
True
Is 616967 composite?
True
Is 148881713 a composite number?
True
Is 2530277 a prime number?
True
Is 1096344377 prime?
True
Is 10724237 a prime number?
True
Is 39307127 a composite number?
False
Is 200222683 prime?
True
Is 28306147 a composite number?
True
Is 189270839 composite?
False
Is 15290183 prime?
True
Is 302743471 prime?
False
Is 57427871 composite?
False
Is 17440009 prime?
True
Is 761278274 a prime number?
False
Is 30121849 composite?
True
Is 2318231 prime?
False
Is 7994813 a prime number?
False
Is 487199 a composite number?
True
Is 156654539 a prime number?
True
Is 288457 prime?
False
Is 2327269 a composite number?
True
Is 237043 composite?
False
Is 340979 composite?
False
Is 586302089 a composite number?
False
Is 1026617 composite?
True
Is 33262187 a composite number?
True
Is 4413751 composite?
False
Is 7456135 composite?
True
Is 767899 composite?
True
Is 48539461 prime?
True
Is 2849617 a prime number?
True
Is 1299223 a composite number?
False
Is 60526589 composite?
False
Is 4236527 a prime number?
True
Is 9312751 prime?
False
Is 4196629 prime?
True
Is 216759121 composite?
False
Is 2163463 a composite number?
True
Is 9421351 a composite number?
False
Is 288497 prime?
False
Is 84857 composite?
False
Is 1138930805 prime?
False
Is 268547 a composite number?
False
Is 1063904507 a prime number?
True
Is 3457769 a prime number?
False
Is 1734917 a composite number?
False
Is 528637 a composite number?
True
Is 17712907 prime?
True
Is 10548077 a prime number?
True
Is 387191 a composite number?
True
Is 44681687 composite?
True
Is 79972861 prime?
True
Is 2593229 a prime number?
False
Is 1740113 composite?
False
Is 1179901 prime?
True
Is 27329 a prime number?
True
Is 1953557 a prime number?
True
Is 76521841 prime?
False
Is 14242139 prime?
True
Is 26241131 prime?
False
Is 549113767 composite?
True
Is 60217403 a composite number?
True
Is 18189617 a prime number?
True
Is 40514317 a prime number?
True
Is 80443717 composite?
False
Is 200533 composite?
True
Is 12617317 a composite number?
True
Is 7716329 a composite number?
False
Is 986437 a composite number?
False
Is 45284257 composite?
False
Is 676679 prime?
True
Is 6861559 prime?
True
Is 4063693 a composite number?
False
Is 2950771 prime?
True
Is 2010077 composite?
True
Is 21558037 composite?
False
Is 81180527 composite?
True
Is 51740071 a composite number?
False
Is 1003968509 a composite number?
False
Is 906912257 prime?
False
Is 12980101 a prime number?
False
Is 22171211 a prime number?
True
Is 139568857 a composite number?
True
Is 2474993 a prime number?
False
Is 31792251 prime?
False
Is 23664241 a prime number?
False
Is 5867273 composite?
True
Is 31896793 a prime number?
True
Is 2424937 a prime number?
True
Is 53671487 composite?
True
Is 14759453 a composite number?
False
Is 6431131 prime?
False
Is 72537999 prime?
False
Is 15373067 prime?
False
Is 176824489 a composite number?
False
Is 18962321 a prime number?
False
Is 24560299 prime?
True
Is 2386853 a prime number?
False
Is 104138381 composite?
False
Is 1613861 prime?
False
Is 40610337 a prime number?
False
Is 10941647 composite?
True
Is 35267473 prime?
True
Is 786839 a prime number?
False
Is 115393781 composite?
False
Is 45283 composite?
True
Is 907093 prime?
False
Is 5584673 prime?
True
Is 29109523 a composite number?
False
Is 2198897 composite?
False
Is 259686029 prime?
True
Is 162563 a composite number?
False
Is 133351169 prime?
False
Is 819191 a prime number?
False
Is 145921759 composite?
True
Is 481892563 prime?
True
Is 196512913 prime?
False
Is 520019 composite?
False
Is 3664139 a prime number?
True
Is 20672599 composite?
True
Is 13497637 a composite number?
True
Is 2674131 a composite number?
True
Is 971783 a prime number?
True
Is 8872693 composite?
False
Is 656985023 a prime number?
True
Is 3571619 a prime number?
True
Is 96576593 a prime number?
True
Is 30962311 composite?
False
Is 10819979 a composite number?
False
Is 49498027 a prime number?
True
Is 339005 a composite number?
True
Is 3032683 a composite number?
True
Is 233018131 composite?
False
Is 4772542 composite?
True
Is 42414721 prime?
False
Is 26559437 a prime number?
False
Is 13521323 a prime number?
True
Is 1099573 a composite number?
False
Is 47782771 prime?
True
Is 108116051 prime?
True
Is 68815111 a composite number?
True
Is 2062789 a composite number?
False
Is 13056361 composite?
True
